{"id":12,"date":"2024-10-19T22:28:32","date_gmt":"2024-10-19T20:28:32","guid":{"rendered":"https:\/\/maninisolutions.be\/?page_id=12"},"modified":"2026-02-04T22:25:56","modified_gmt":"2026-02-04T21:25:56","slug":"le-nouveau-e-mucem-ouvre-ses-portes-2","status":"publish","type":"page","link":"https:\/\/maninisolutions.be\/","title":{"rendered":"Accueil"},"content":{"rendered":"\n<div class=\"wp-block-group alignwide is-layout-flow wp-container-core-group-is-layout-c304226c wp-block-group-is-layout-flow\">\n<h1 class=\"wp-block-heading has-huge-font-size\">Conseil en gestion, <br>Interim management, Communication audiovisuelle, Gestion IT, Change management<\/h1>\n\n\n\n<p class=\"has-text-align-left has-large-font-size\">Votre partenaire de confiance pour votre transformation digitale.<\/p>\n\n\n\n<div class=\"wp-block-buttons is-layout-flex wp-block-buttons-is-layout-flex\">\n<div class=\"wp-block-button\"><a class=\"wp-block-button__link has-pale-cyan-blue-background-color has-background wp-element-button\" href=\"#contact\">Contactez nous<\/a><\/div>\n<\/div>\n<\/div>\n\n\n\n<hr class=\"wp-block-separator has-alpha-channel-opacity\"\/>\n\n\n\n<div class=\"wp-block-group is-layout-constrained wp-block-group-is-layout-constrained\">\n<h2 class=\"wp-block-heading has-text-align-center\" id=\"services\">Comment pouvons-nous<br>vous aider ?<\/h2>\n\n\n\n<div class=\"wp-block-group alignfull has-ti-bg-alt-background-color has-background is-layout-constrained wp-block-group-is-layout-constrained\" style=\"margin-top:32px;margin-bottom:32px;padding-top:32px;padding-bottom:32px\">\n<div class=\"wp-block-group is-vertical is-layout-flex wp-container-core-group-is-layout-fe9cc265 wp-block-group-is-layout-flex\">\n<div class=\"wp-block-columns alignwide has-ti-bg-background-color has-background is-layout-flex wp-container-core-columns-is-layout-af7919c9 wp-block-columns-is-layout-flex\" style=\"padding-top:0px;padding-right:0px;padding-bottom:0px;padding-left:0px\">\n<div class=\"wp-block-column has-ti-bg-background-color has-background is-layout-flow wp-container-core-column-is-layout-47e5a185 wp-block-column-is-layout-flow\">\n<figure class=\"wp-block-image size-full\"><img loading=\"lazy\" decoding=\"async\" width=\"1082\" height=\"1080\" src=\"http:\/\/maninisolutions.be\/wp-content\/uploads\/2025\/10\/photos-site-1-e1761491621534.png\" alt=\"\" class=\"wp-image-147\" srcset=\"https:\/\/maninisolutions.be\/wp-content\/uploads\/2025\/10\/photos-site-1-e1761491621534.png 1082w, https:\/\/maninisolutions.be\/wp-content\/uploads\/2025\/10\/photos-site-1-e1761491621534-300x300.png 300w, https:\/\/maninisolutions.be\/wp-content\/uploads\/2025\/10\/photos-site-1-e1761491621534-1024x1022.png 1024w, https:\/\/maninisolutions.be\/wp-content\/uploads\/2025\/10\/photos-site-1-e1761491621534-150x150.png 150w, https:\/\/maninisolutions.be\/wp-content\/uploads\/2025\/10\/photos-site-1-e1761491621534-768x767.png 768w\" sizes=\"auto, (max-width: 1082px) 100vw, 1082px\" \/><\/figure>\n<\/div>\n\n\n\n<div class=\"wp-block-column is-vertically-aligned-center has-ti-bg-background-color has-background is-layout-flow wp-block-column-is-layout-flow\" style=\"padding-top:24px;padding-right:24px;padding-bottom:24px;padding-left:24px\">\n<p class=\"has-small-font-size\" style=\"text-transform:uppercase\"><strong>Direction et management IT<\/strong><\/p>\n\n\n\n<h2 class=\"wp-block-heading\">Mettre l&rsquo;IT au service de votre business<\/h2>\n\n\n\n<p>Vous cherchez \u00e0 donner un nouvel \u00e9lan \u00e0 votre organisation gr\u00e2ce \u00e0 une direction IT solide et pragmatique ? Nous vous accompagnons dans la structuration, le pilotage et la transformation de votre organisation ICT. Notre mission : aligner vos technologies sur vos objectifs m\u00e9tiers et faire de l\u2019IT un v\u00e9ritable moteur de performance et d\u2019innovation.<\/p>\n<\/div>\n<\/div>\n\n\n\n<div class=\"wp-block-columns alignwide has-ti-bg-background-color has-background is-layout-flex wp-container-core-columns-is-layout-af7919c9 wp-block-columns-is-layout-flex\" style=\"padding-top:0px;padding-right:0px;padding-bottom:0px;padding-left:0px\">\n<div class=\"wp-block-column has-ti-bg-background-color has-background is-layout-flow wp-container-core-column-is-layout-47e5a185 wp-block-column-is-layout-flow\">\n<figure class=\"wp-block-image size-full\"><img loading=\"lazy\" decoding=\"async\" width=\"948\" height=\"948\" src=\"http:\/\/maninisolutions.be\/wp-content\/uploads\/2024\/10\/41d664_1904f95c677a4d4cb0a761b6b120b93bmv2-Modifie.jpg\" alt=\"\" class=\"wp-image-48\" srcset=\"https:\/\/maninisolutions.be\/wp-content\/uploads\/2024\/10\/41d664_1904f95c677a4d4cb0a761b6b120b93bmv2-Modifie.jpg 948w, https:\/\/maninisolutions.be\/wp-content\/uploads\/2024\/10\/41d664_1904f95c677a4d4cb0a761b6b120b93bmv2-Modifie-300x300.jpg 300w, https:\/\/maninisolutions.be\/wp-content\/uploads\/2024\/10\/41d664_1904f95c677a4d4cb0a761b6b120b93bmv2-Modifie-150x150.jpg 150w, https:\/\/maninisolutions.be\/wp-content\/uploads\/2024\/10\/41d664_1904f95c677a4d4cb0a761b6b120b93bmv2-Modifie-768x768.jpg 768w\" sizes=\"auto, (max-width: 948px) 100vw, 948px\" \/><\/figure>\n<\/div>\n\n\n\n<div class=\"wp-block-column is-vertically-aligned-center has-ti-bg-background-color has-background is-layout-flow wp-block-column-is-layout-flow\" style=\"padding-top:24px;padding-right:24px;padding-bottom:24px;padding-left:24px\">\n<p class=\"has-small-font-size\" style=\"text-transform:uppercase\"><strong>Gestion de projets<\/strong><\/p>\n\n\n\n<h2 class=\"wp-block-heading\">Transformer vos projets<br>en succ\u00e8s<\/h2>\n\n\n\n<p>R\u00e9ussir un projet IT demande expertise, \u00e9coute, rigueur et anticipation. Notre \u00e9quipe dispose d\u2019une solide exp\u00e9rience en la mati\u00e8re. Nous pouvons vous aider \u00e0 atteindre vos objectifs en respectant les timings et budgets pr\u00e9vus et transformer ainsi vos projets en r\u00e9els succ\u00e8s.<\/p>\n<\/div>\n<\/div>\n\n\n\n<div class=\"wp-block-columns alignwide has-ti-bg-background-color has-background is-layout-flex wp-container-core-columns-is-layout-af7919c9 wp-block-columns-is-layout-flex\" style=\"padding-top:0px;padding-right:0px;padding-bottom:0px;padding-left:0px\">\n<div class=\"wp-block-column has-ti-bg-background-color has-background is-layout-flow wp-container-core-column-is-layout-47e5a185 wp-block-column-is-layout-flow\">\n<figure class=\"wp-block-image size-full\"><img loading=\"lazy\" decoding=\"async\" width=\"945\" height=\"945\" src=\"http:\/\/maninisolutions.be\/wp-content\/uploads\/2024\/10\/41d664_02b6135094e14682a521e936010b7097mv2-Modifie.jpg\" alt=\"\" class=\"wp-image-45\" srcset=\"https:\/\/maninisolutions.be\/wp-content\/uploads\/2024\/10\/41d664_02b6135094e14682a521e936010b7097mv2-Modifie.jpg 945w, https:\/\/maninisolutions.be\/wp-content\/uploads\/2024\/10\/41d664_02b6135094e14682a521e936010b7097mv2-Modifie-300x300.jpg 300w, https:\/\/maninisolutions.be\/wp-content\/uploads\/2024\/10\/41d664_02b6135094e14682a521e936010b7097mv2-Modifie-150x150.jpg 150w, https:\/\/maninisolutions.be\/wp-content\/uploads\/2024\/10\/41d664_02b6135094e14682a521e936010b7097mv2-Modifie-768x768.jpg 768w\" sizes=\"auto, (max-width: 945px) 100vw, 945px\" \/><\/figure>\n<\/div>\n\n\n\n<div class=\"wp-block-column is-vertically-aligned-center has-ti-bg-background-color has-background is-layout-flow wp-block-column-is-layout-flow\" style=\"padding-top:24px;padding-right:24px;padding-bottom:24px;padding-left:24px\">\n<p class=\"has-small-font-size\" style=\"text-transform:uppercase\"><strong>Transformation digitale<\/strong><\/p>\n\n\n\n<h2 class=\"wp-block-heading\">Accompagner votre transformation digitale<\/h2>\n\n\n\n<p>Tout projet de transformation digitale n\u2019est un succ\u00e8s que s\u2019il rencontre l\u2019adh\u00e9sion de toute votre organisation. La gestion du changement et la communication envers vos employ\u00e9s sont des \u00e9l\u00e9ments cl\u00e9s de cette transition. Nous pouvons ensemble d\u00e9terminer une strat\u00e9gie adapt\u00e9e \u00e0 vos besoins.<\/p>\n<\/div>\n<\/div>\n\n\n\n<div class=\"wp-block-columns alignwide has-ti-bg-background-color has-background is-layout-flex wp-container-core-columns-is-layout-af7919c9 wp-block-columns-is-layout-flex\" style=\"padding-top:0px;padding-right:0px;padding-bottom:0px;padding-left:0px\">\n<div class=\"wp-block-column has-ti-bg-background-color has-background is-layout-flow wp-container-core-column-is-layout-47e5a185 wp-block-column-is-layout-flow\">\n<figure class=\"wp-block-image size-full\"><img loading=\"lazy\" decoding=\"async\" width=\"870\" height=\"870\" src=\"http:\/\/maninisolutions.be\/wp-content\/uploads\/2024\/10\/41d664_21011157cfa44f53973b2ad8f39b5215mv2-Modifie.jpg\" alt=\"\" class=\"wp-image-46\" srcset=\"https:\/\/maninisolutions.be\/wp-content\/uploads\/2024\/10\/41d664_21011157cfa44f53973b2ad8f39b5215mv2-Modifie.jpg 870w, https:\/\/maninisolutions.be\/wp-content\/uploads\/2024\/10\/41d664_21011157cfa44f53973b2ad8f39b5215mv2-Modifie-300x300.jpg 300w, https:\/\/maninisolutions.be\/wp-content\/uploads\/2024\/10\/41d664_21011157cfa44f53973b2ad8f39b5215mv2-Modifie-150x150.jpg 150w, https:\/\/maninisolutions.be\/wp-content\/uploads\/2024\/10\/41d664_21011157cfa44f53973b2ad8f39b5215mv2-Modifie-768x768.jpg 768w\" sizes=\"auto, (max-width: 870px) 100vw, 870px\" \/><\/figure>\n<\/div>\n\n\n\n<div class=\"wp-block-column is-vertically-aligned-center has-ti-bg-background-color has-background is-layout-flow wp-block-column-is-layout-flow\" style=\"padding-top:24px;padding-right:24px;padding-bottom:24px;padding-left:24px\">\n<p class=\"has-small-font-size\" style=\"text-transform:uppercase\"><strong>Formation et coaching<\/strong><\/p>\n\n\n\n<h2 class=\"wp-block-heading\">D\u00e9velopper les comp\u00e9tences de vos collaborateurs<\/h2>\n\n\n\n<p>L\u2019IT et la communication digitale \u00e9voluent rapidement et demandent une mise \u00e0 jour constante de vos comp\u00e9tences. Nous pouvons vous proposer des formations adapt\u00e9es \u00e0 vos besoins, qu\u2019il s\u2019agisse de formations g\u00e9n\u00e9rales ou de coaching sur mesure de la gestion de projet \u00e0 la gestion de vos r\u00e9seaux sociaux.<\/p>\n<\/div>\n<\/div>\n\n\n\n<div class=\"wp-block-columns alignwide has-ti-bg-background-color has-background is-layout-flex wp-container-core-columns-is-layout-af7919c9 wp-block-columns-is-layout-flex\" style=\"padding-top:0px;padding-right:0px;padding-bottom:0px;padding-left:0px\">\n<div class=\"wp-block-column has-ti-bg-background-color has-background is-layout-flow wp-container-core-column-is-layout-47e5a185 wp-block-column-is-layout-flow\">\n<figure class=\"wp-block-image size-full\"><img loading=\"lazy\" decoding=\"async\" width=\"805\" height=\"805\" src=\"http:\/\/maninisolutions.be\/wp-content\/uploads\/2024\/10\/41d664_bd50d09891804b6b9cd0d27d29d91d60mv2-Modifie.jpg\" alt=\"\" class=\"wp-image-47\" srcset=\"https:\/\/maninisolutions.be\/wp-content\/uploads\/2024\/10\/41d664_bd50d09891804b6b9cd0d27d29d91d60mv2-Modifie.jpg 805w, https:\/\/maninisolutions.be\/wp-content\/uploads\/2024\/10\/41d664_bd50d09891804b6b9cd0d27d29d91d60mv2-Modifie-300x300.jpg 300w, https:\/\/maninisolutions.be\/wp-content\/uploads\/2024\/10\/41d664_bd50d09891804b6b9cd0d27d29d91d60mv2-Modifie-150x150.jpg 150w, https:\/\/maninisolutions.be\/wp-content\/uploads\/2024\/10\/41d664_bd50d09891804b6b9cd0d27d29d91d60mv2-Modifie-768x768.jpg 768w\" sizes=\"auto, (max-width: 805px) 100vw, 805px\" \/><\/figure>\n<\/div>\n\n\n\n<div class=\"wp-block-column is-vertically-aligned-center has-ti-bg-background-color has-background is-layout-flow wp-block-column-is-layout-flow\" style=\"padding-top:24px;padding-right:24px;padding-bottom:24px;padding-left:24px\">\n<p class=\"has-small-font-size\" style=\"text-transform:uppercase\"><strong>Conseil en gestion<\/strong><\/p>\n\n\n\n<h2 class=\"wp-block-heading\">B\u00e9n\u00e9ficier de conseils<br>en gestion IT<\/h2>\n\n\n\n<p>Vous souhaitez un avis professionnel avant de r\u00e9aliser un investissement IT ? Vous \u00eates \u00e0 la recherche d\u2019un logiciel qui facilite la vie de votre entreprise ?&nbsp; Vous \u00eates confront\u00e9s \u00e0 des difficult\u00e9s dans la gestion de votre informatique ? Nous pouvons certainement vous aider.<\/p>\n<\/div>\n<\/div>\n<\/div>\n<\/div>\n\n\n\n<div class=\"wp-block-buttons is-content-justification-right is-layout-flex wp-container-core-buttons-is-layout-d445cf74 wp-block-buttons-is-layout-flex\">\n<div class=\"wp-block-button is-style-outline is-style-outline--1\"><a class=\"wp-block-button__link has-pale-cyan-blue-color has-text-color has-link-color has-small-font-size has-text-align-right has-custom-font-size wp-element-button\" href=\"#top\">Haut de page \u21e7<\/a><\/div>\n<\/div>\n<\/div>\n\n\n\n<hr class=\"wp-block-separator has-alpha-channel-opacity\"\/>\n\n\n\n<div class=\"wp-block-group is-layout-constrained wp-block-group-is-layout-constrained\">\n<h2 class=\"wp-block-heading has-text-align-center\" id=\"contact\">Nous contacter<\/h2>\n\n\n\n<form method=\"post\" class=\"wp-block-gutena-forms gutena-forms-formulaire-de-contact gutena_forms_ID_d07a727eba_26122024115420 input-box-border-bottom-only hide-form-after-submit after_submit_message is-layout-flow wp-container-gutena-forms-is-layout-087378d9 wp-block-gutena-forms-is-layout-flow\" style=\"padding-top:2rem;padding-right:1.25rem;padding-bottom:5rem;padding-left:1.25rem\"><input type=\"hidden\" name=\"formid\" value=\"gutena_forms_ID_d07a727eba_26122024115420\"\/>\n<div class=\"wp-block-columns alignfull are-vertically-aligned-top is-layout-flex wp-container-core-columns-is-layout-28f84493 wp-block-columns-is-layout-flex\">\n<div class=\"wp-block-column is-vertically-aligned-top is-layout-flow wp-block-column-is-layout-flow\">\n<div class=\"wp-block-gutena-field-group  field-group-type-text is-layout-flow wp-block-gutena-field-group-is-layout-flow\">\n<div class=\"wp-block-group is-vertical is-layout-flex wp-container-core-group-is-layout-501cef26 wp-block-group-is-layout-flex\">\n<h3 class=\"wp-block-heading heading-input-label-gutena\">Pr\u00e9nom<\/h3>\n\n\n<div class=\"gutena-forms-text-field field-name-first_name  wp-block-gutena-form-field\"><input\n\t\t\t\t name=\"first_name\" type=\"text\" class=\"gutena-forms-field text-field required-field  \" placeholder=\"Votre pr\u00e9nom\"  required\n\t\t\t\t\/><\/div><\/div>\n\n\n\n<p class=\"gutena-forms-field-error-msg\"><\/p>\n<\/div>\n<\/div>\n\n\n\n<div class=\"wp-block-column is-vertically-aligned-top is-layout-flow wp-block-column-is-layout-flow\">\n<div class=\"wp-block-gutena-field-group  field-group-type-text is-layout-flow wp-block-gutena-field-group-is-layout-flow\">\n<div class=\"wp-block-group is-vertical is-layout-flex wp-container-core-group-is-layout-501cef26 wp-block-group-is-layout-flex\">\n<h3 class=\"wp-block-heading heading-input-label-gutena\">Nom de famille<\/h3>\n\n\n<div class=\"gutena-forms-text-field field-name-last_name  wp-block-gutena-form-field\"><input\n\t\t\t\t name=\"last_name\" type=\"text\" class=\"gutena-forms-field text-field required-field  \" placeholder=\"Votre nom de famille\"  required\n\t\t\t\t\/><\/div><\/div>\n\n\n\n<p class=\"gutena-forms-field-error-msg\"><\/p>\n<\/div>\n<\/div>\n<\/div>\n\n\n\n<div class=\"wp-block-columns alignfull are-vertically-aligned-top is-layout-flex wp-container-core-columns-is-layout-28f84493 wp-block-columns-is-layout-flex\">\n<div class=\"wp-block-column is-vertically-aligned-top is-layout-flow wp-block-column-is-layout-flow\">\n<div class=\"wp-block-gutena-field-group  field-group-type-text field-group-type-number is-layout-flow wp-block-gutena-field-group-is-layout-flow\">\n<div class=\"wp-block-group is-vertical is-layout-flex wp-container-core-group-is-layout-501cef26 wp-block-group-is-layout-flex\">\n<h3 class=\"wp-block-heading heading-input-label-gutena\">Num\u00e9ro de t\u00e9l\u00e9hone<\/h3>\n\n\n<div class=\"gutena-forms-text-field field-name-subject  wp-block-gutena-form-field\"><input\n\t\t\t\t name=\"subject\" type=\"text\" class=\"gutena-forms-field text-field required-field  \" placeholder=\"0400 00 00 00\" maxlength=\"25\"  required\n\t\t\t\t\/><\/div><\/div>\n\n\n\n<p class=\"gutena-forms-field-error-msg\"><\/p>\n<\/div>\n<\/div>\n\n\n\n<div class=\"wp-block-column is-vertically-aligned-top is-layout-flow wp-block-column-is-layout-flow\">\n<div class=\"wp-block-gutena-field-group  field-group-type-email is-layout-flow wp-block-gutena-field-group-is-layout-flow\">\n<div class=\"wp-block-group is-vertical is-layout-flex wp-container-core-group-is-layout-501cef26 wp-block-group-is-layout-flex\">\n<h3 class=\"wp-block-heading heading-input-label-gutena\">Email<\/h3>\n\n\n<div class=\"gutena-forms-email-field field-name-email  wp-block-gutena-form-field\"><input\n\t\t\t\t name=\"email\" type=\"email\" class=\"gutena-forms-field email-field required-field  \" placeholder=\"example@gmail.com\"  required\n\t\t\t\t\/><\/div><\/div>\n\n\n\n<p class=\"gutena-forms-field-error-msg\"><\/p>\n<\/div>\n<\/div>\n<\/div>\n\n\n\n<div class=\"wp-block-columns alignfull are-vertically-aligned-top is-layout-flex wp-container-core-columns-is-layout-28f84493 wp-block-columns-is-layout-flex\">\n<div class=\"wp-block-column is-vertically-aligned-top is-layout-flow wp-block-column-is-layout-flow\">\n<div class=\"wp-block-gutena-field-group  field-group-type-textarea is-layout-flow wp-block-gutena-field-group-is-layout-flow\">\n<div class=\"wp-block-group is-vertical is-layout-flex wp-container-core-group-is-layout-501cef26 wp-block-group-is-layout-flex\">\n<h3 class=\"wp-block-heading heading-input-label-gutena\">Message<\/h3>\n\n\n<div class=\"gutena-forms-textarea-field field-name-message  wp-block-gutena-form-field\"><textarea\n\t\t\t\t name=\"message\" rows=\"5\" class=\"gutena-forms-field textarea-field required-field  \" placeholder=\"Votre message\"  required\n\t\t\t\t><\/textarea><\/div><\/div>\n\n\n\n<p class=\"gutena-forms-field-error-msg\"><\/p>\n<\/div>\n<\/div>\n<\/div>\n\n\n\n<div class=\"wp-block-columns alignfull are-vertically-aligned-top is-layout-flex wp-container-core-columns-is-layout-28f84493 wp-block-columns-is-layout-flex\">\n<div class=\"wp-block-column is-vertically-aligned-top is-layout-flow wp-block-column-is-layout-flow\">\n<div class=\"wp-block-buttons gutena-forms-submit-buttons is-layout-flex wp-block-buttons-is-layout-flex\">\n<div class=\"wp-block-button gutena-forms-submit-button\"><button class=\"wp-block-button__link has-pale-cyan-blue-background-color has-background wp-element-button\">Envoyer<\/button><\/div>\n<\/div>\n<\/div>\n<\/div>\n\n\n\n<div class=\"wp-block-gutena-form-confirm-msg alignfull is-layout-flow wp-block-gutena-form-confirm-msg-is-layout-flow\">\n<div class=\"wp-block-group has-background is-content-justification-left is-nowrap is-layout-flex wp-container-core-group-is-layout-385d3396 wp-block-group-is-layout-flex\" style=\"border-radius:5px;background-color:#d8eacc;padding-top:12px;padding-right:12px;padding-bottom:12px;padding-left:12px\">\n<figure class=\"wp-block-image size-large form-message-icon\"><img decoding=\"async\" src=\"data:image\/svg+xml;base64,PHN2ZyB3aWR0aD0iMTYiIGhlaWdodD0iMTYiIHZpZXdCb3g9IjAgMCAxNiAxNiIgZmlsbD0ibm9uZSIgeG1sbnM9Imh0dHA6Ly93d3cudzMub3JnLzIwMDAvc3ZnIj4KPHBhdGggZD0iTTggMTZDMy41ODE2IDE2IDAgMTIuNDE4NCAwIDhDMCAzLjU4MTYgMy41ODE2IDAgOCAwQzEyLjQxODQgMCAxNiAzLjU4MTYgMTYgOEMxNiAxMi40MTg0IDEyLjQxODQgMTYgOCAxNlpNOCAxNC40QzkuNjk3MzkgMTQuNCAxMS4zMjUzIDEzLjcyNTcgMTIuNTI1NSAxMi41MjU1QzEzLjcyNTcgMTEuMzI1MyAxNC40IDkuNjk3MzkgMTQuNCA4QzE0LjQgNi4zMDI2MSAxMy43MjU3IDQuNjc0NzUgMTIuNTI1NSAzLjQ3NDUyQzExLjMyNTMgMi4yNzQyOCA5LjY5NzM5IDEuNiA4IDEuNkM2LjMwMjYxIDEuNiA0LjY3NDc1IDIuMjc0MjggMy40NzQ1MiAzLjQ3NDUyQzIuMjc0MjggNC42NzQ3NSAxLjYgNi4zMDI2MSAxLjYgOEMxLjYgOS42OTczOSAyLjI3NDI4IDExLjMyNTMgMy40NzQ1MiAxMi41MjU1QzQuNjc0NzUgMTMuNzI1NyA2LjMwMjYxIDE0LjQgOCAxNC40Wk03LjIwMjQgMTEuMkwzLjgwOCA3LjgwNTZMNC45MzkyIDYuNjc0NEw3LjIwMjQgOC45Mzc2TDExLjcyNzIgNC40MTJMMTIuODU5MiA1LjU0MzJMNy4yMDI0IDExLjJaIiBmaWxsPSIjNDY4NDFFIi8+Cjwvc3ZnPgo=\" alt=\"Success\" class=\"wp-image-3811\"\/><\/figure>\n\n\n\n<p class=\"has-black-color has-text-color has-tiny-font-size\" style=\"font-size:12px;font-style:normal;font-weight:500;line-height:1.2\">Merci pour votre message, nous vous contacterons dans les plus brefs d\u00e9lais !<\/p>\n<\/div>\n<\/div>\n\n\n\n<div class=\"wp-block-gutena-form-error-msg alignfull is-layout-flow wp-block-gutena-form-error-msg-is-layout-flow\">\n<div class=\"wp-block-group has-background is-content-justification-left is-nowrap is-layout-flex wp-container-core-group-is-layout-385d3396 wp-block-group-is-layout-flex\" style=\"border-radius:5px;background-color:#ffd3d3;padding-top:12px;padding-right:12px;padding-bottom:12px;padding-left:12px\">\n<figure class=\"wp-block-image size-large form-message-icon\"><img decoding=\"async\" src=\"data:image\/svg+xml;base64,PHN2ZyB3aWR0aD0iMTYiIGhlaWdodD0iMTYiIHZpZXdCb3g9IjAgMCAxNiAxNiIgZmlsbD0ibm9uZSIgeG1sbnM9Imh0dHA6Ly93d3cudzMub3JnLzIwMDAvc3ZnIj4KPHBhdGggZD0iTTggMTZDMy41ODE2IDE2IDAgMTIuNDE4NCAwIDhDMCAzLjU4MTYgMy41ODE2IDAgOCAwQzEyLjQxODQgMCAxNiAzLjU4MTYgMTYgOEMxNiAxMi40MTg0IDEyLjQxODQgMTYgOCAxNlpNOCAxNC40QzkuNjk3MzkgMTQuNCAxMS4zMjUzIDEzLjcyNTcgMTIuNTI1NSAxMi41MjU1QzEzLjcyNTcgMTEuMzI1MyAxNC40IDkuNjk3MzkgMTQuNCA4QzE0LjQgNi4zMDI2MSAxMy43MjU3IDQuNjc0NzUgMTIuNTI1NSAzLjQ3NDUyQzExLjMyNTMgMi4yNzQyOCA5LjY5NzM5IDEuNiA4IDEuNkM2LjMwMjYxIDEuNiA0LjY3NDc1IDIuMjc0MjggMy40NzQ1MiAzLjQ3NDUyQzIuMjc0MjggNC42NzQ3NSAxLjYgNi4zMDI2MSAxLjYgOEMxLjYgOS42OTczOSAyLjI3NDI4IDExLjMyNTMgMy40NzQ1MiAxMi41MjU1QzQuNjc0NzUgMTMuNzI1NyA2LjMwMjYxIDE0LjQgOCAxNC40Wk03LjIgMTAuNEg4LjhWMTJINy4yVjEwLjRaTTcuMiA0SDguOFY4LjhINy4yVjRaIiBmaWxsPSIjQzUxOTE5Ii8+Cjwvc3ZnPgo=\" alt=\"Error\" class=\"wp-image-3811\"\/><\/figure>\n\n\n\n<p class=\"gutena-forms-error-text has-black-color has-text-color\" style=\"font-size:12px;font-style:normal;font-weight:500;line-height:1.2\">D\u00e9sol\u00e9, votre message n&rsquo;a pas \u00e9t\u00e9 envoy\u00e9 car le formulaire contient des erreurs.<\/p>\n<\/div>\n<\/div>\n<\/form>\n\n\n\n<div class=\"wp-block-buttons is-content-justification-right is-layout-flex wp-container-core-buttons-is-layout-d445cf74 wp-block-buttons-is-layout-flex\">\n<div class=\"wp-block-button is-style-outline is-style-outline--2\"><a class=\"wp-block-button__link has-pale-cyan-blue-color has-text-color has-link-color has-small-font-size has-text-align-right has-custom-font-size wp-element-button\" href=\"#top\">Haut de page \u21e7<\/a><\/div>\n<\/div>\n<\/div>\n","protected":false},"excerpt":{"rendered":"<p>Comment pouvons-nousvous aider ? Direction et management IT Mettre l&rsquo;IT au service de votre business Vous cherchez \u00e0 donner un nouvel \u00e9lan \u00e0 votre organisation gr\u00e2ce \u00e0 une direction IT solide et pragmatique ? Nous vous accompagnons dans la structuration, le pilotage et la transformation de votre organisation ICT. Notre mission : aligner vos technologies [&hellip;]<\/p>\n","protected":false},"author":1,"featured_media":0,"parent":0,"menu_order":0,"comment_status":"closed","ping_status":"closed","template":"","meta":{"footnotes":""},"class_list":["post-12","page","type-page","status-publish","hentry"],"_links":{"self":[{"href":"https:\/\/maninisolutions.be\/index.php\/wp-json\/wp\/v2\/pages\/12","targetHints":{"allow":["GET"]}}],"collection":[{"href":"https:\/\/maninisolutions.be\/index.php\/wp-json\/wp\/v2\/pages"}],"about":[{"href":"https:\/\/maninisolutions.be\/index.php\/wp-json\/wp\/v2\/types\/page"}],"author":[{"embeddable":true,"href":"https:\/\/maninisolutions.be\/index.php\/wp-json\/wp\/v2\/users\/1"}],"replies":[{"embeddable":true,"href":"https:\/\/maninisolutions.be\/index.php\/wp-json\/wp\/v2\/comments?post=12"}],"version-history":[{"count":51,"href":"https:\/\/maninisolutions.be\/index.php\/wp-json\/wp\/v2\/pages\/12\/revisions"}],"predecessor-version":[{"id":150,"href":"https:\/\/maninisolutions.be\/index.php\/wp-json\/wp\/v2\/pages\/12\/revisions\/150"}],"wp:attachment":[{"href":"https:\/\/maninisolutions.be\/index.php\/wp-json\/wp\/v2\/media?parent=12"}],"curies":[{"name":"wp","href":"https:\/\/api.w.org\/{rel}","templated":true}]}}